 3 + w. What are the prime factors of j?
5
List the prime factors of 392/14 + (0 - 0).
2, 7
List the prime factors of (6/5)/(10/(-25)) - -239.
2, 59
Let z = -48 - -22. Let w = z - -40. What are the prime factors of w?
2, 7
Suppose -m - 210 = -6*m. List the prime factors of m.
2, 3, 7
Let l(v) = 3*v**3 - 3*v**2 + v + 1. Suppose 3*b - 1 + 13 = 0. Let w(m) = -m - 2. Let x be w(b). What are the prime factors of l(x)?
3, 5
Suppose 10 = -4*k - 22. Let x = -5 - k. Suppose x*f - w - 3*w = 22, 2*w = 3*f - 14. List the prime factors of f.
2
Suppose 2*b = 2 - 0. What are the prime factors of -15*(1/(-3))/b?
5
Let j(u) = -3 + 2*u - 9*u + 5*u + 2*u**2 + 0*u. Suppose y + 2*g = 6, g = -4*g + 20. What are the prime factors of j(y)?
3
Suppose -4*f + 131 = r - 15, -150 = -4*f - 3*r. What are the prime factors of f?
2, 3
Let w(c) = 8*c**3. Let j be w(1). List the prime factors of (3*j/3)/1.
2
List the prime factors of (-4)/22 + 14676/132.
3, 37
Let k = 3 + -11. Let n(l) = -l**3 - 7*l**2 + 5*l - 8. What are the prime factors of n(k)?
2
Let m(h) = 4*h**2 - 3*h. Let d be m(4). Let a = -30 + d. Suppose -t + a = t. What are the prime factors of t?
11
Let n be 10/35 + 4/(-14). Suppose 3*t - 5 - 4 = 5*d, n = -2*t - 4*d + 6. Let a(q) = 2*q + 4. What are the prime factors of a(t)?
2, 5
Suppose 0*k = -4*k + 4. Suppose 9 - k = w. What are the prime factors of w?
2
Let d(m) = 3*m**2 + m**3 - 5*m**2 + 1 - 4*m - 2*m + 0*m**2. What are the prime factors of d(4)?
3
Suppose 5*f = -g + 17, -4*f - f = 3*g - 21. Let x be 0*(2/(-1))/g. Suppose x = 4*d - 8. What are the prime factors of d?
2
Let g(o) = 2*o**3 + 2*o**2 - 7*o. List the prime factors of g(3).
3, 17
Let z(k) = -k**3 - 8*k**2 - 6*k + 5. Let h be z(-7). List the prime factors of ((-5)/h)/(-5)*-24.
2, 3
Let w be (-5 - 1) + 3 - -3. Let a(j) = -j**2 + j + 14. List the prime factors of a(w).
2, 7
Let h = -6 - -10. Let v = -2 + h. List the prime factors of v.
2
What are the prime factors of (-3)/((-4)/(-18) + (-329)/1359)?
151
Suppose 2*f + 0*f + 2*r = 30, -f + 5 = -4*r. Suppose 4*m = 12, -f = -3*k + 3*m - 4. What are the prime factors of k?
2, 3
Let a be (24/2)/(-11 - -13). Suppose 2*b - a = 30. What are the prime factors of b?
2, 3
Let u(n) = -3*n + 2. Let q be u(-6). Let d(v) = v**2 + 7*v + 6. Let l be d(-7). Suppose 0 = l*y - y - q. List the prime factors of y.
2
Suppose 5*c - 11 + 1 = 0. Suppose 5*m - 7 = c*i, i - m = 5*i - 19. What are the prime factors of i?
2
Let b = -9 + -11. Let j be 12/b + 23/5. Suppose -2*p - 5*a + 9 = -0*p, -2*a = -j*p + 6. What are the prime factors of p?
2
Suppose 0 = 3*i - 64 - 74. Let z = i + -30. Suppose 3*f + 2 = -4, 0 = -4*s - 4*f + z. What are the prime factors of s?
2, 3
Let i be (0/((-9)/3))/(-1). Suppose 26 = -2*s + l, 3*s - 2*s = -4*l - 4. Let f = i - s. List the prime factors of f.
2, 3
Let w = 3 - -3. Suppose w = 3*v - 15. List the prime factors of v.
7
Let m = 124 + -26. What are the prime factors of m?
2, 7
Suppose -5*m - 5*n = -25, 0 = -3*m - 5*n + 19 + 6. Suppose -2 - 2 = 4*g. What are the prime factors of m - -8 - 1/g?
3
Let u(q) = -q - 2. Let k be u(-6). Let d be (50/k)/(3/6). Let v = d + -13. What are the prime factors of v?
2, 3
Let l = -2 - -5. What are the prime factors of (64 + -1)/l + 1?
2, 11
Let i = 7 - -8. List the prime factors of i.
3, 5
What are the prime factors of 1168/3 - (-2)/(-6)?
389
Let q be -2*(2 - 3) + 1. List the prime factors of 12/8 + q/6.
2
Suppose -4*n + 7*n = 21. Suppose 0 = -5*r - 10, n*m = 2*m + 5*r + 55. What are the prime factors of m?
3
Let g = 24 - 0. What are the prime factors of g?
2, 3
Let g = -21 - -49. What are the prime factors of g?
2, 7
Let y = -16 + 48. Let c = y + -15. List the prime factors of c.
17
Suppose 10*h - h = 1161. List the prime factors of h.
3, 43
Suppose k = -3*k + 156. List the prime factors of k.
3, 13
Let q(b) = -11*b**2. Let h be q(-1). What are the prime factors of 5/(-10) - h/2?
5
Suppose -99 = -5*v + 4*q, 0*v + v + 4*q = 39. What are the prime factors of v?
23
Suppose -7*q + 3*x = -2*q + 5, 1 = -2*q + x. Suppose 4*s = -2*o + 12, q*o = -0*s - 2*s + 14. What are the prime factors of o?
2
Let q(g) = 5*g. Let o be q(-1). Let y = -2 + 17. Let a = o + y. List the prime factors of a.
2, 5
Suppose -3*g = -g - 10. Suppose g*w + 2*d = -0*d, w + 4*d = 0. Suppose -3*b + 2*b + 9 = w. What are the prime factors of b?
3
Let f(v) be the third derivative of v**5/5 + 4*v**2. List the prime factors of f(1).
2, 3
Suppose 2*k = 3 + 9. Let q(i) = i**2 + 2*i + 8. Let n be q(k). What are the prime factors of ((-3)/2)/((-7)/n)?
2, 3
Let h(k) be the third derivative of -k**4/2 - k**3/6 + 3*k**2. List the prime factors of h(-2).
23
Suppose -2*m + 0*m = -12. Let k be (-1 - 8)/3 - -1. Let l = m + k. List the prime factors of l.
2
Suppose 0 = -22*j + 8*j + 3108. What are the prime factors of j?
2, 3, 37
Suppose 0*p = -2*y - p + 146, -5*y + 3*p = -343. What are the prime factors of y?
71
Suppose -187 = -2*r - 3*b, 0*b - b + 3 = 0. Suppose r + 43 = 4*u. What are the prime factors of u?
3, 11
Let g = 12 + -27. List the prime factors of (-588)/g + (-2)/10.
3, 13
Let f(n) = 16*n**2 + n - 2. Let y be f(1). Suppose 4*t - 13 = y. What are the prime factors of t?
7
Let x = 83 + -59. What are the prime factors of x?
2, 3
Let r(d) = 5*d**2 - 2*d - 1. Let o be 2/(-8) + 9/(-12). List the prime factors of r(o).
2, 3
List the prime factors of 345/6 - 3 - (-9)/6.
2, 7
Suppose 4*x - 320 = -x. Suppose -3*d + x = d. What are the prime factors of d?
2
Suppose 5*c + 96 = 531. List the prime factors of c.
3, 29
Suppose -c - c + 2 = 2*n, -n + 1 = -4*c. Suppose c = -2*b + 4. List the prime factors of (7 + -3)*1/b.
2
Let g(s) = -s + 10. Let i be g(6). Suppose -i*a = a - 15, -v - 15 = 5*a. Let c = -18 - v. List the prime factors of c.
2, 3
Suppose 5*b + f = 32, -4*b - 3*f + 24 = -b. Let z = b - -54. Suppose 2*c + z = 4*p - 12, 0 = -5*p - 2*c + 90. List the prime factors of p.
2, 3
Suppose g - 5 - 2 = 0. Suppose -g*m + 180 = -4*m. Suppose m = 4*f - 0. What are the prime factors of f?
3, 5
Suppose -2*l - 5 = 1, -5*l + 25 = 4*b. Let s be -4 + (-2 - -4) - -4. Suppose -s*j + 0*j + b = 0. What are the prime factors of j?
5
Suppose 3*t = -0*p + 5*p - 747, -4*p + t + 599 = 0. List the prime factors of p.
2, 3, 5
List the prime factors of 3/((-54)/(-1992)) + 2/(-3).
2, 5, 11
Suppose -j = 2*j + 21. What are the prime factors of (-5 - j)*(-17)/(-2)?
17
Let s = -41 - -70. List the prime factors of s.
29
Let d(q) = 9 - 6 - 6*q + 3*q - 2*q**2 + q**3. Let x be d(4). Suppose -x + 5 = -3*g. List the prime factors of g.
2, 3
Let u be (-1)/((-2)/(-24)) - 0. Let k = u + 23. List the prime factors of k.
11
Let j(t) = t**3 - t**2 - t + 4. Suppose 0 = -0*c + 2*c. Let m be j(c). Suppose -18 = -m*w + 6. What are the prime factors of w?
2, 3
Suppose -4*n + 208 = -308. List the prime factors of n.
3, 43
What are the prime factors of -3 + (-3 - -3*20)?
2, 3
Let y be (8/12)/((-1)/213). List the prime factors of 2/(-10) + y/(-10).
2, 7
List the prime factors of (-165)/(-5) + 2 + -2.
3, 11
Let s(z) = -z. Let w(x) = -x. Let q(y) = 4*s(y) - 5*w(y). List the prime factors of q(11).
11
Suppose 0 = 2*r - r - 2*g - 74, 0 = 4*r + 5*g - 322. Let f = r - 48. What are the prime factors of f?
2, 3, 5
Suppose 0 = 6*j - 2*j - 48. Let i be (-282)/(-90) - 2/15. Suppose 2*u - r = j - i, -u = 4*r. List the prime factors of u.
2
Let v(l) = -l + 11. Let m be v(8). Suppose -2*f + m = f. List the prime factors of 2 - f/(2/(-24)).
2, 7
Suppose 1 = -3*h + 4. Suppose 0 = d - 0*d. List the prime factors of (-1)/h*(d + -21).
3, 7
Suppose u = 4*o - 92, -4*u - 32 = -2*o - 0*o. Let v = 57 - o. List the prime factors of v.
3, 11
Suppose -2*c + 3*c - 3 = 0. List the prime factors of c.
3
Suppose -5*b - 7 = -w, 4*w + 2*b + 0*b = 72. List the prime factors of w.
17
Let p(o) = o**2 + 6*o - 2. Let t be p(-6). Let s be t/(-5) - 13/(-5). Suppose 0*w - s*w = -15. What are the prime factors of w?
5
Let l = 29 + 19. List the prime factors of l.
2, 3
Let x(m) = -8*m**2 + 36*m - 4. List the prime factors of x(4).
2, 3
What are the prime factors of 1 + (-2 - -1) + (-237)/(-1)?
3, 79
Let y = -1 - -1. Let j be (2 - y)*(-24)/16. Let d = j + 24. List the prime factors of d.
3, 7
Let u = -59 + 95. List the prime factors of u.
2, 3
Let n be -2*(